{"id":987754,"date":"2023-10-08T19:09:22","date_gmt":"2023-10-08T19:09:22","guid":{"rendered":"https:\/\/lujduj.al\/?post_type=product&#038;p=987754"},"modified":"2023-10-08T19:09:22","modified_gmt":"2023-10-08T19:09:22","slug":"femije-aventure","status":"publish","type":"product","link":"https:\/\/lujduj.al\/?product=femije-aventure","title":{"rendered":"F\u00ebmij\u00eb Aventur\u00eb"},"content":{"rendered":"<div class=\"vgblk-rw-wrapper limit-wrapper\">Projekti:  \tF\u00ebmij\u00eb Aventur\u00eb <\/p>\n<p>Loja synon t\u00eb edukoj\u00eb eksplorimin e natyr\u00ebs, dhe aventurat q\u00eb shoq\u00ebrojn\u00eb k\u00ebto ekspedita. Mjetet q\u00eb p\u00ebrdoren dhe organizimi I k\u00ebtyre aktiviteteve.<\/p>\n<p>Loj\u00eb enigmatike, me kombinime, si brenda formatit t\u00eb puzzellit por edhe jasht\u00eb tij. \u00c7do form\u00eb e tablos ka nj\u00eb identitet t\u00eb vetin q\u00eb mund t\u00eb luhen dhe vendosen edhe jasht\u00eb tablos s\u00eb paz\u00ebllit)<br \/>\n(emri mund te jete ndryshe, por koncepti \u00ebsht\u00eb I nj\u00eb f\u00ebmije q\u00eb ka qef aventurat dhe ka prirje t\u00eb vecanta, ose te cilat mund ti zbuloje rruges. Ky \u00ebsht\u00eb pjes\u00eb e nj\u00eb koleksioni prej t\u00eb pakt\u00ebn 10 kulturash, fushash, pasionesh dhe profesionesh.<br \/>\nFormati I Loj\u00ebs: (permasat)\tVarianti I par\u00eb I p\u00ebrmasave \u00ebsht\u00eb ai I gjer\u00ebsis\u00eb s\u00eb EU palet\u00ebs.  13.5 cm lart\u00ebsi, 56 cm gjer\u00ebsi, trash\u00ebsi 1.8 centimetra , pothuajse e papastruar fare.<\/p>\n<p>Varianti I dyt\u00eb I tablos\u00eb s\u00eb loj\u00ebs \u00ebsht\u00eb drejt\u00ebk\u00ebnd\u00ebsh, ngjash\u00ebm me bariun dhe kafsh\u00ebt. N\u00eb k\u00ebt\u00eb rast duhen bashkuar dy ristela EU palet\u00eb. 19.5 centimetra me 42 centimetra. Trash\u00ebsia 1.8 cms\u00ebrish.<\/p>\n<p>Pjes\u00ebza t\u00eb loj\u00ebs. Element\u00ebt\tLoja ka element\u00ebt e :<br \/>\n1.Alpinizmit.<br \/>\n1.1 Mali .<br \/>\n1.2 Canta e Malit<br \/>\n1.3 Nje njeri me cante dhe shkop q\u00eb ngjitet<br \/>\n2. Zhyt\u00ebsin<br \/>\n2.1 Peshku<br \/>\n2.3 Deti n\u00eb Sfond<br \/>\n3. Parashutisti.<br \/>\n4.Kamping<br \/>\n4.1 Dysheku p\u00ebr kamping<br \/>\n4.2 Cadra p\u00ebr kamping<br \/>\n4.3 Canta p\u00ebr kamping<br \/>\n5. Kanoa dhe Lopat\u00eb<br \/>\n5.1. Ne sfond &#8211; Lumi<br \/>\nMateriali Drusor\tAh ose Pish\u00eb<br \/>\nPreardhja e materialit drusor\tL\u00ebnd\u00eb drusore AH, marr\u00eb nga paleta EU, (Bio Market, Coca \u2013 Cola, pikat e grumbullimit t\u00eb mbetjeve Tiran\u00eb,<br \/>\nPastrimi dhe p\u00ebrpunimi I drurit\tPro\u00e7esi I pastrimit dhe p\u00ebrgatitjes : Makinerit\u00eb e p\u00ebrdorura. Proceset ne numur sa? V\u00ebshtir\u00ebsia nga 1-10?<br \/>\nIdeja e projektit\tEcovolis,<br \/>\nPunuan: Ened Mato<br \/>\nQ\u00ebllimi I Loj\u00ebs\tEksplorimi I Natyres<br \/>\nLidhja me natyren<br \/>\nMbrojtja e natyres<br \/>\nEdukimi sportiv dhe aventure.<br \/>\nEksplorimi I maleve, botes nenujore, lumenjve, mjeteve qw duhen pwr secilin eksplorim.<br \/>\nKampingu, bashkwjetesa nw kamping, turizmi I qwndrueshwm, turizmi natyror, turizmi sportive.<br \/>\nAventurat sa te rrezikshme, sa kenaqesi, sit e jemi te kujdesshem, forca e skuadrws dhe ekipit.<br \/>\nRealizimi grafik, p\u00ebrmbajtja, informimi:<br \/>\n\tIdet\u00eb grafike: Erind Agolli , Jeta Malaj, Ened Mato<\/p>\n<p>Elemente Canvas + Vektor<br \/>\nMisioni I LUJ DUJ<br \/>\n\tLodrat ekologjike,riciklimi I drurit dhe mbrojtja e pyjeve, edukim mjedisor dhe zhvillimor, p\u00ebrpar\u00ebsit\u00eb e lodrave t\u00eb drurit.<br \/>\nSi mund t\u00eb b\u00ebhemi pjes\u00eb e nism\u00ebs Luj Duj<br \/>\nDuke mb\u00ebshtetur Luj Duj , po ndihmon n\u00eb mbjelljen e 5000 fidan\u00ebve t\u00eb pish\u00ebs n\u00eb parkun kombtar t\u00eb Lur\u00ebs.<br \/>\nCdo lod\u00ebr ka mesazhin e saj edukues me humor dhe me vertetesi<br \/>\nPoezi mjedisore:<br \/>\nUdh\u00ebtimi I nj\u00eb lodre<br \/>\nTek frynte nj\u00eb er\u00eb , fluturoi nj\u00eb far\u00eb, tok\u00ebn p\u00ebrqafoi, pem\u00ebn krijoi, erdhi nj\u00eb barbar, e preu p\u00ebr para, po me pas vjen nje I dyte te hap syte.<br \/>\nAktivitete dhe veprimtari shoq\u00ebruese me loj\u00ebn \tNdarja e f\u00ebmij\u00ebve ne grupe skuadra sipas rretheve, ku secili grup vendos rrethin e vet n\u00eb puzzle dhe prezanton natyr\u00ebn e rrethit t\u00eb tij, me lumenjt\u00eb, liqenet, malet dhe qytetet dhe fshatrat.<\/p>\n<p>Manuali I loj\u00ebs dhe misioni luj duj ne nje liber te vogel per femije.\tPer kete duhet pare librat per femije dhe te rritur qe kane skica te thjeshta me nje dy fjali kyce. Vizatime te lehta te kuptueshme, minimaliste, stili I Canvas, jo m\u00eb shum\u00eb se 6 faqe x 2 an\u00eb.<br \/>\nSasia e prodhimit fillestar\t30 cop\u00eb<br \/>\n\u00c7mimi I lodr\u00ebs\t1.000 Lek\u00eb<br \/>\nAmballazhimi\tCop\u00eb, trast\u00eb, logo Luj Duj dhe Ecovolis<br \/>\nEkspozimi \/ Vitrina \/ Dyqani real \/ Dyqani vurtual\tZyra \/ Servisi Ecovolis<br \/>\nMagazina , Punishtja n\u00eb Uzin\u00eb Traktori<br \/>\nEkspozitor\u00eb druri t\u00eb leht\u00eb 5 cop\u00eb p\u00ebr kopshte dhe aktivitete me f\u00ebmij\u00ebt<br \/>\nInstagram, Facebook, twitter, Luj Duj, &#8211; Personi I marketingut\n<\/p><\/div>\n<p><!-- .vgblk-rw-wrapper --><\/p>\n","protected":false},"excerpt":{"rendered":"<p>Projekti: F\u00ebmij\u00eb Aventur\u00eb Loja synon t\u00eb edukoj\u00eb eksplorimin e natyr\u00ebs, dhe aventurat q\u00eb shoq\u00ebrojn\u00eb k\u00ebto ekspedita. Mjetet q\u00eb p\u00ebrdoren dhe organizimi I k\u00ebtyre aktiviteteve. Loj\u00eb enigmatike, me kombinime, si brenda formatit t\u00eb puzzellit por edhe jasht\u00eb tij. \u00c7do form\u00eb e tablos ka nj\u00eb identitet t\u00eb vetin q\u00eb mund t\u00eb luhen dhe vendosen edhe jasht\u00eb tablos&#8230;<\/p>\n","protected":false},"featured_media":987755,"comment_status":"closed","ping_status":"closed","template":"","meta":[],"product_cat":[308,304],"product_tag":[],"class_list":{"0":"post-987754","1":"product","2":"type-product","3":"status-publish","4":"has-post-thumbnail","6":"product_cat-lodra-krijuese","7":"product_cat-luj-duj","9":"first","10":"instock","11":"shipping-taxable","12":"purchasable","13":"product-type-simple"},"_links":{"self":[{"href":"https:\/\/lujduj.al\/index.php?rest_route=\/wp\/v2\/product\/987754","targetHints":{"allow":["GET"]}}],"collection":[{"href":"https:\/\/lujduj.al\/index.php?rest_route=\/wp\/v2\/product"}],"about":[{"href":"https:\/\/lujduj.al\/index.php?rest_route=\/wp\/v2\/types\/product"}],"replies":[{"embeddable":true,"href":"https:\/\/lujduj.al\/index.php?rest_route=%2Fwp%2Fv2%2Fcomments&post=987754"}],"version-history":[{"count":1,"href":"https:\/\/lujduj.al\/index.php?rest_route=\/wp\/v2\/product\/987754\/revisions"}],"predecessor-version":[{"id":987756,"href":"https:\/\/lujduj.al\/index.php?rest_route=\/wp\/v2\/product\/987754\/revisions\/987756"}],"wp:featuredmedia":[{"embeddable":true,"href":"https:\/\/lujduj.al\/index.php?rest_route=\/wp\/v2\/media\/987755"}],"wp:attachment":[{"href":"https:\/\/lujduj.al\/index.php?rest_route=%2Fwp%2Fv2%2Fmedia&parent=987754"}],"wp:term":[{"taxonomy":"product_cat","embeddable":true,"href":"https:\/\/lujduj.al\/index.php?rest_route=%2Fwp%2Fv2%2Fproduct_cat&post=987754"},{"taxonomy":"product_tag","embeddable":true,"href":"https:\/\/lujduj.al\/index.php?rest_route=%2Fwp%2Fv2%2Fproduct_tag&post=987754"}],"curies":[{"name":"wp","href":"https:\/\/api.w.org\/{rel}","templated":true}]}}